{"id":7800,"date":"2021-03-07T19:25:55","date_gmt":"2021-03-07T18:25:55","guid":{"rendered":"http:\/\/www.fsgeo.rwth-aachen.de\/?page_id=7800"},"modified":"2024-03-24T07:16:37","modified_gmt":"2024-03-24T06:16:37","slug":"notenstreichung-im-master","status":"publish","type":"page","link":"https:\/\/www.fsgeo.rwth-aachen.de\/?page_id=7800","title":{"rendered":"Notenstreichung"},"content":{"rendered":"\n<h2 class=\"wp-block-heading\"><strong>Notenstreichung:<\/strong><\/h2>\n\n\n\n<p>Ihr habt euer Studium in Regelstudienzeit geschafft? Dann k\u00f6nnt ihr euch wahrscheinlich eine Note streichen lassen. <\/p>\n\n\n\n<hr class=\"wp-block-separator has-alpha-channel-opacity is-style-wide\"\/>\n\n\n\n<p>Studierende des B.Sc. Angewandte Geographie k\u00f6nnen am Ende ihres Studiums bis 1 Woche nach Ablegung der letzten Pr\u00fcfung eine gewichtete Modulnote aus dem Pflicht- oder Wahlpflichtbereich bis max. 18 CP (inklusive) streichen lassen. <\/p>\n\n\n\n<figure class=\"wp-block-image size-full is-resized\"><img loading=\"lazy\" decoding=\"async\" width=\"822\" height=\"105\" src=\"http:\/\/www.fsgeo.rwth-aachen.de\/wp-content\/uploads\/2021\/11\/notenstreichung_bachelor.png\" alt=\"\" class=\"wp-image-8228\" srcset=\"https:\/\/www.fsgeo.rwth-aachen.de\/wp-content\/uploads\/2021\/11\/notenstreichung_bachelor.png 822w, https:\/\/www.fsgeo.rwth-aachen.de\/wp-content\/uploads\/2021\/11\/notenstreichung_bachelor-300x38.png 300w, https:\/\/www.fsgeo.rwth-aachen.de\/wp-content\/uploads\/2021\/11\/notenstreichung_bachelor-768x98.png 768w\" sizes=\"auto, (max-width: 822px) 100vw, 822px\" \/><figcaption class=\"wp-element-caption\">Dies wurde in der vierten Ordnung zur \u00c4nderung der Pr\u00fcfungsordnung des Bachelors vom 15.12.2020 unter &#8222;\u00a7 8 Bewertung der Pr\u00fcfungsleistungen und Bildung der Noten&#8220; festgehalten. <\/figcaption><\/figure>\n\n\n\n<hr class=\"wp-block-separator has-alpha-channel-opacity is-style-wide\"\/>\n\n\n\n<p>Studierende des M.Sc. Angewandte Geographie und M.Sc. Wirtschaftsgeographie k\u00f6nnen am Ende ihres Studiums bis 1 Woche nach Ablegung der letzten Pr\u00fcfung eine gewichtete Modulnote aus dem Pflicht- oder Wahlpflichtbereich bis max. 10 CP (inklusive) streichen lassen. <\/p>\n\n\n\n<figure class=\"wp-block-image size-full is-resized\"><img loading=\"lazy\" decoding=\"async\" width=\"826\" height=\"108\" src=\"http:\/\/www.fsgeo.rwth-aachen.de\/wp-content\/uploads\/2021\/11\/notenstreichung_master.png\" alt=\"\" class=\"wp-image-8227\" srcset=\"https:\/\/www.fsgeo.rwth-aachen.de\/wp-content\/uploads\/2021\/11\/notenstreichung_master.png 826w, https:\/\/www.fsgeo.rwth-aachen.de\/wp-content\/uploads\/2021\/11\/notenstreichung_master-300x39.png 300w, https:\/\/www.fsgeo.rwth-aachen.de\/wp-content\/uploads\/2021\/11\/notenstreichung_master-768x100.png 768w\" sizes=\"auto, (max-width: 826px) 100vw, 826px\" \/><figcaption class=\"wp-element-caption\"> Dies wurde in der vierten Ordnung zur \u00c4nderung der Pr\u00fcfungsordnung beider Master vom 15.12.2020 unter &#8222;\u00a7 8 Bewertung der Pr\u00fcfungsleistungen und Bildung der Noten&#8220; festgehalten.<\/figcaption><\/figure>\n\n\n\n<hr class=\"wp-block-separator has-alpha-channel-opacity is-style-wide\"\/>\n\n\n\n<div class=\"wp-block-buttons is-layout-flex wp-block-buttons-is-layout-flex\">\n<div class=\"wp-block-button\"><a class=\"wp-block-button__link wp-element-button\" href=\"https:\/\/www.rwth-aachen.de\/cms\/root\/studium\/im-studium\/pruefungsangelegenheiten\/pruefungen\/~whcqh\/modulnotenstreichung-bei-regelstudienzei\/\">Antrag Notenstreichung<\/a><\/div>\n<\/div>\n","protected":false},"excerpt":{"rendered":"<p>Notenstreichung: Ihr habt euer Studium in Regelstudienzeit geschafft? Dann k\u00f6nnt ihr euch wahrscheinlich eine Note streichen lassen. Studierende des B.Sc. Angewandte Geographie k\u00f6nnen am Ende ihres Studiums bis 1 Woche nach Ablegung der letzten Pr\u00fcfung eine gewichtete Modulnote aus dem Pflicht- oder Wahlpflichtbereich bis max. 18 CP (inklusive) streichen lassen. Studierende des M.Sc. Angewandte Geographie und M.Sc. Wirtschaftsgeographie k\u00f6nnen am Ende ihres Studiums bis 1 Woche nach Ablegung der letzten Pr\u00fcfung eine gewichtete Modulnote aus dem Pflicht- oder Wahlpflichtbereich bis &hellip;<\/p>\n","protected":false},"author":1,"featured_media":0,"parent":6831,"menu_order":1,"comment_status":"closed","ping_status":"closed","template":"","meta":{"footnotes":""},"class_list":["post-7800","page","type-page","status-publish","hentry"],"_links":{"self":[{"href":"https:\/\/www.fsgeo.rwth-aachen.de\/index.php?rest_route=\/wp\/v2\/pages\/7800","targetHints":{"allow":["GET"]}}],"collection":[{"href":"https:\/\/www.fsgeo.rwth-aachen.de\/index.php?rest_route=\/wp\/v2\/pages"}],"about":[{"href":"https:\/\/www.fsgeo.rwth-aachen.de\/index.php?rest_route=\/wp\/v2\/types\/page"}],"author":[{"embeddable":true,"href":"https:\/\/www.fsgeo.rwth-aachen.de\/index.php?rest_route=\/wp\/v2\/users\/1"}],"replies":[{"embeddable":true,"href":"https:\/\/www.fsgeo.rwth-aachen.de\/index.php?rest_route=%2Fwp%2Fv2%2Fcomments&post=7800"}],"version-history":[{"count":10,"href":"https:\/\/www.fsgeo.rwth-aachen.de\/index.php?rest_route=\/wp\/v2\/pages\/7800\/revisions"}],"predecessor-version":[{"id":9644,"href":"https:\/\/www.fsgeo.rwth-aachen.de\/index.php?rest_route=\/wp\/v2\/pages\/7800\/revisions\/9644"}],"up":[{"embeddable":true,"href":"https:\/\/www.fsgeo.rwth-aachen.de\/index.php?rest_route=\/wp\/v2\/pages\/6831"}],"wp:attachment":[{"href":"https:\/\/www.fsgeo.rwth-aachen.de\/index.php?rest_route=%2Fwp%2Fv2%2Fmedia&parent=7800"}],"curies":[{"name":"wp","href":"https:\/\/api.w.org\/{rel}","templated":true}]}}